 of u(-15).
2, 3, 11
Let q(k) = 55*k**2 - 5*k + 24. What are the prime factors of q(6)?
2, 3, 7, 47
List the prime factors of (-105)/2*(-18)/5.
3, 7
Suppose 788 + 175 = 9*d. List the prime factors of d.
107
Let q = 380 + -182. What are the prime factors of q?
2, 3, 11
Suppose -3*m = g + 12, 5*g - 7*m = -2*m - 40. Let f be 2/g + (-5174)/(-117). What are the prime factors of (1/(-1))/((-2)/f)?
2, 11
Let h = -76 + 79. Suppose 5*q - 7*m + 4*m = 91, h*q + 5*m = 41. What are the prime factors of q?
17
Suppose -41 = -i - 4*a, -2*i - 2*a = -36 - 16. Suppose 84 = i*s - 17*s. What are the prime factors of s?
3, 7
Let s be 2/6 + (-1136)/24. What are the prime factors of 0/(-11) + (-1 - s)?
2, 23
Let c(h) = -h**2 - 7*h - 5. Let w be c(-4). Suppose 21*v + 8 = 134. Suppose -w*s = -v*s - 20. What are the prime factors of s?
2, 5
Let k be 1 - (710/(-2))/(-5). Let t = 19 - k. What are the prime factors of t?
89
Let o(x) = x**3 + 6*x**2 - 3*x + 4. Let t be o(-7). Let q(r) = 14*r + 2. Let w be q(-3). Let s = t - w. What are the prime factors of s?
2
Suppose 3*p - 2079 = -3*c, -3*c = 12*p - 7*p - 3457. List the prime factors of p.
13, 53
Let q = 42 + -85. Let f be 0 - 1 - 2 - q. Suppose 3*k = 5*k - f. What are the prime factors of k?
2, 5
Suppose -5*n = 2*p - 25 + 8, -4*p - 6 = 2*n. List the prime factors of 31 - ((-1 - p) + 0 + -3).
31
Let c = 62 - -20. Let g = c + -18. What are the prime factors of g?
2
List the prime factors of (-40677)/(-189) + (2 - 60/27).
5, 43
What are the prime factors of (1343 - 7)/(36/126)?
2, 7, 167
Let k be (1 - 1)/(6/(-3)). Suppose -u + r - 2 = 0, 2 = -5*u - k*u + r. Suppose 0 = -2*j, -5*i + 2*j + 36 + 4 = u. What are the prime factors of i?
2
Suppose -192 = 4*w + 2*w. Let r = -26 + 12. Let a = r - w. List the prime factors of a.
2, 3
Suppose -173*b - 999 = -174*b. What are the prime factors of b?
3, 37
Let d(o) = 2*o + 13. Let z be d(-6). Suppose 0 = -4*g, 2*x + 4*g - 39 = z. List the prime factors of x.
2, 5
Let b = 58 + -46. List the prime factors of (-2210)/(-12) + (2/b)/(-1).
2, 23
Suppose -11*r = 52*r - 26712. What are the prime factors of r?
2, 53
Let m(c) = -c**2 + 6*c - 5. Let q be m(3). What are the prime factors of (-9)/q*640/(-48)?
2, 3, 5
Let k = 284 - 57. What are the prime factors of k?
227
What are the prime factors of (-1)/((-10)/4475) - (-3)/(-6)?
3, 149
Let n(b) = -b**2 - 8*b + 12. Let f be n(-10). List the prime factors of 91 + (4 - 8 - f).
5, 19
Let m(j) = -j**3 - 18*j**2 - 18*j - 9. Let h be m(-17). Suppose -93 = -h*f - 5. List the prime factors of f.
11
Let d = -30 - -35. List the prime factors of (2 + d)/(3/33).
7, 11
List the prime factors of (12/14)/((-14)/(-882)).
2, 3
Let u(b) be the first derivative of -b**4/4 + 7*b**3/3 + 7*b**2/2 + 6*b - 3. List the prime factors of u(7).
5, 11
Let x(a) = -272*a - 34. What are the prime factors of x(-3)?
2, 17, 23
Let x(d) = -8*d**3 - 6*d**2 + 5*d + 5. List the prime factors of x(-6).
1487
Suppose 11*a - 2827 = 13585. What are the prime factors of a?
2, 373
Let v(s) be the third derivative of s**6/30 - s**5/12 + s**4/3 - 5*s**3/3 + 22*s**2. What are the prime factors of v(3)?
7, 11
Let w be 3*-1 + 17 + 5. Let i = -21 + w. What are the prime factors of 0 + i/(8/(-164))?
41
Suppose -19450 + 986 = -8*f. What are the prime factors of f?
2, 577
Let h be ((-12)/8 - 0)*-16. Suppose -13*p + 9*p = -h. Let k(s) = s**2 - 3*s + 4. What are the prime factors of k(p)?
2, 11
Let q(i) = 18*i - 9. Let f = 14 - 12. What are the prime factors of q(f)?
3
Let s(z) = 144*z**3 - z**2 - 7*z + 7. List the prime factors of s(1).
11, 13
Suppose 0 = 51*d - 45*d - 3606. What are the prime factors of d?
601
Let f be 30/(-4) + 27/18. Let c(q) = -2*q**2 - 4*q + 3. Let v be c(2). Let i = f - v. List the prime factors of i.
7
List the prime factors of 1774*(-3 + 49/14).
887
Let g(s) = s**3 - 4*s**2 - 2*s + 2. Suppose -4*o - 2 + 10 = 0. Let z(r) = 3*r**2 + 2*r - 2. Let i(h) = o*g(h) + 3*z(h). What are the prime factors of i(1)?
3
Suppose 0 = 3*w - 3*x - 21, -2*w - 6 + 38 = 4*x. Let h be ((-12)/w)/((-3)/10). Suppose -2*y - 3*i + 36 = 0, 3*i + 59 - 5 = h*y. What are the prime factors of y?
3, 5
Suppose -7*q - 5*d = -2*q - 210, -8 = 4*d. What are the prime factors of q?
2, 11
Suppose 3*x = -207 + 27. Let r = 59 - x. List the prime factors of r.
7, 17
What are the prime factors of ((-444)/(-10))/(48/480)?
2, 3, 37
Let w be (-4 + -22)*-67 - (0 + 2). What are the prime factors of ((-12)/(-10))/((-12)/w)*-1?
2, 3, 29
Let s be 5 + 404 + (-1 - -3) + -2. Suppose -5*n + 4*w = -s, -5*n = 3*w - 216 - 221. What are the prime factors of n?
5, 17
Let o = 209 + -89. Let l = 235 - o. Suppose -l = -5*r - 5*y, -r + 2*y = 6*y - 23. What are the prime factors of r?
23
Let o be (-6)/2*(356/(-12) + 3). Suppose 52 + o = 3*v. List the prime factors of v.
2, 11
Let u = 1468 + -728. What are the prime factors of u?
2, 5, 37
Let w = 26 + -85. Let d be 2 + (-2)/2 - w. Suppose h = -h + d. What are the prime factors of h?
2, 3, 5
Suppose 4*v - 63 = v. Let i = v - 19. Suppose 10 - i = 2*k. What are the prime factors of k?
2
Let y(k) be the first derivative of k**2/2 + 13*k + 1. Let b be y(-9). Suppose s = -b*s + 150. What are the prime factors of s?
2, 3, 5
Let u be ((-2)/6)/(3 + (-776)/258). Suppose -u = -2*r + 45. What are the prime factors of r?
2, 11
Let o = -1682 - -2186. List the prime factors of o.
2, 3, 7
List the prime factors of (-3 - (-18)/9) + 13*46.
3, 199
Suppose -4*k = 16, j + 4*j = 3*k + 37. Let v(q) = 53*q + 3*q**2 - 53*q - q**2 - j. List the prime factors of v(4).
3
Let x = -86 - -130. Let k = -27 + x. Suppose i + 3*g - k = 0, 4*g = -i - i + 38. List the prime factors of i.
23
Let t = -17 + 4. Let a = t + -3. What are the prime factors of ((-3)/12 + -1)*a?
2, 5
Suppose -3*s + d = -12, 3*d - 1 - 3 = -s. Suppose -192 = -3*h - 3*t, 258 = 8*h - s*h + 2*t. List the prime factors of h.
5, 13
Suppose 4*w + 20 = 4. Let d(i) = -2*i - 5. Let q be d(w). Suppose 10 = q*c + 2*c. What are the prime factors of c?
2
Suppose -5*q - 34 = -3*q. Let c = 17 + q. Suppose 5*y - 210 = -5*b, -y + c*b + 60 = -5*b. List the prime factors of y.
3, 5
Suppose 2020 = 2*r + 4*y, 4*y = -13*r + 15*r - 2020. What are the prime factors of r?
2, 5, 101
Let t = 20 + -17. Let q(s) = -2*s**3 + 9*s**2 + 7*s. Let g(x) = -x**3 + 4*x**2 + 4*x. Let u(b) = t*q(b) - 5*g(b). List the prime factors of u(6).
2, 3, 7
Let a(c) = 14*c + 63. What are the prime factors of a(3)?
3, 5, 7
Suppose 8*k + 445 = 4*f + 13*k, -4*f + 3*k = -469. Let o be 1075/3 + 2/3. Suppose 4*x = o - f. List the prime factors of x.
61
Let u(w) = -w**3 + w**2 + w - 173. Let v be u(0). Let i = v - -264. Let q = i - 53. List the prime factors of q.
2, 19
Suppose 3*i + 5*m = 6803, -40*i + 4534 = -38*i + 4*m. List the prime factors of i.
3, 757
Suppose -q + 3 = -v, -3*q - 4*v - 3 = -3*v. Suppose 5*h = s + 91, q = 5*h + 4*s - s - 87. Let x = -12 + h. What are the prime factors of x?
2, 3
Suppose -2*o + 2*c + 14 = -6*o, 0 = -2*o + 4*c - 12. List the prime factors of (98 - (2 - 4)) + o.
2, 3
Suppose -l + 15*a = 18*a - 1754, -4*l + 4*a + 7016 = 0. What are the prime factors of l?
2, 877
Let f(b) = b**2 + 5*b + 11. Let j be f(-8). Let v be (-10)/j - (-4)/14. What are the prime factors of 0 + 17 + v + 3?
2, 5
Suppose -8 = -5*b - 3. Let z(i) be the second derivative of 23*i**3/6 + i**2 - 2*i. List the prime factors of z(b).
5
Let p be 20/9 + (-4)/18. Let v be 3 - (1 - (p + 1)). Suppose -43 = -v*n + 142. List the prime factors of n.
37
Let l be (72/63)/(2/7). Suppose l*t - 11 = 121. List the prime factors of (t/(-2))/((-3)/6).
3, 11
Let m be 0 + (-6)/2 - (-125 - -2). Suppose -24 = -5*v + 2*f + 113, -f + m = 4*v. What are the prime factors of v?
29
Let u be (3 - 2)/(2 - 3). Let v be (((-174)/(-3))/u)/(-2). Let q = v - 18. List the prime factors of q.
11
Let d = -28 + 48. Suppose -d = -8*t + 3*t. Suppose 0*x = t*x - 144. List the prime factors of x.
2, 3
Let c = -1630 - -2735. List the prime factors of c.
5, 13, 17
Let s = -24 + 22. List the prime factors of (100 - 10)*s/(-5).
2, 3
What are the prime factors of (1 - 5/2)/((-12)/38464)?
2, 601
Let g = 27 - 66. Let l = 43 + g. Suppose l*u - 83 = -u - 2*z, 4*z = -3*u + 61. What are the prime factors of u?
3, 5
Let b = 18 + -18. Suppose b*z = 5*z - 110. Suppose